t common factor of t and 8.
8
Let d = -28 - -45. What is the greatest common divisor of 187 and d?
17
Let g be 24/((-7)/(210/(-12))). What is the greatest common factor of g and 18?
6
Suppose -2 = -2*t + 10. Suppose -t = 2*a, -2*i - 3*a + 1 = -i. Calculate the highest common divisor of i and 90.
10
Suppose 2*l + u - 5 = 0, -5*l + 20 + 3 = -u. Let d = 61 - 33. What is the highest common divisor of d and l?
4
Suppose 0*k = 3*k - 4*r - 54, 5*k = r + 73. Calculate the highest common divisor of 28 and k.
14
Let b be (-430)/(-5) - 1/1. What is the greatest common factor of b and 17?
17
Let b(p) = p - 3. Let f be b(4). Suppose -f - 17 = -3*g. What is the highest common factor of 2 and g?
2
Let b(f) = -5*f + 92. Let g be b(0). Calculate the greatest common divisor of g and 138.
46
Let s(m) = -m + 3. Let v be s(-12). Calculate the highest common factor of 45 and v.
15
Suppose 5*i + 2*c + 60 = 0, -4*i - 3*c = -5 + 46. Let n be i/49 - 984/(-14). Calculate the highest common factor of 14 and n.
14
Suppose 7*s - 133 + 35 = 0. What is the highest common divisor of s and 42?
14
Suppose -2*k + 39 = 21. Let l be 1*-1*(-9 + 0). Calculate the highest common factor of k and l.
9
Suppose 2*a - 1 = 5. Suppose -3*s = s + 2*q - 40, -a*q - 28 = -5*s. Calculate the greatest common divisor of 2 and s.
2
Let x be 34 - ((-15)/(-9) - 2/(-6)). Calculate the highest common factor of x and 24.
8
Let a = 313 - 169. Calculate the greatest common factor of a and 16.
16
Suppose 0 = -3*z - 8 + 20. Suppose 3*c + 1 = z. Let f be 1 + (-12*1)/(-2). What is the highest common divisor of f and c?
1
Let r = -19 + 61. Let i = r + -27. What is the highest common factor of i and 15?
15
Suppose 3*i - 12 = -0. Suppose 0 = -i*f - 0*f + 168. What is the greatest common divisor of 7 and f?
7
Let g be 1/(-6) - 43/(-6). Suppose -a - g + 2 = -m, -3*a - 7 = 5*m. Calculate the greatest common divisor of 5 and m.
1
Suppose 4*k - k - 2*s - 456 = 0, 759 = 5*k - 3*s. Suppose -6*d - k = -11*d. Calculate the greatest common factor of 10 and d.
10
Suppose 12 - 4 = 4*b. Suppose 0 = -b*q + v - 5*v + 74, -5*q = v - 167. What is the greatest common divisor of 11 and q?
11
Let c = 7 + -13. Let q = c + 8. Suppose 0 = q*n - 4*t - 42, -t - 4 + 1 = 0. What is the highest common divisor of 3 and n?
3
Let r = -2 - -4. Let v be ((-1 - -7) + r)*-7. Let w = 35 - v. What is the highest common factor of 13 and w?
13
Let d(n) = -n**3 - 6*n**2 - 4*n - 9. Let u = -24 - -18. Let k be d(u). Let x be (-1 - 2)*(-5 - 0). What is the greatest common factor of k and x?
15
Let b be -1 + 76 + (7 - 5). What is the highest common factor of b and 7?
7
Let m(o) = o**2 + 7*o. Let q be m(-8). Suppose 0 = q*r - 22 - 10. What is the highest common divisor of r and 44?
4
Let j be (-6)/(-1 + -2) + -9. Let x = 13 + j. Suppose 19 = 2*a + x*i - i, -4*i - 17 = -3*a. Calculate the greatest common divisor of a and 14.
7
Suppose -t + 0*t + 3 = 0, -4*t = -4*f + 44. Let b(p) = p**3 + 8*p**2 - 6*p + 7. Let i be b(-5). What is the greatest common factor of f and i?
14
Let b be (-3 + 4)/(1/73). Let g = b - 45. Suppose -5*f = -4*h - 58, f - 3*f - h + 31 = 0. Calculate the highest common divisor of f and g.
14
Let p be (2/6)/(8/408). Let j(r) = -r**3 + 8*r**2 + 20*r - 24. Let n be j(8). Calculate the greatest common divisor of p and n.
17
Let l be 22/8 + 9/(-12). Suppose g + 268 = 6*g - o, -2*g + l*o + 104 = 0. Suppose n - 270 = -n. Calculate the highest common divisor of n and g.
27
Suppose 0 = -x + 53 - 17. Let w be 6/33 - (-260)/22. Calculate the highest common factor of w and x.
12
Let l(b) = 2*b + 4. Let z be l(2). Calculate the greatest common divisor of z and 4.
4
Let y be 4/(1 + 12/(-16)). Calculate the highest common factor of 4 and y.
4
Suppose -5*i + i + 80 = 0. Let s(g) = 2*g**3 - 3*g**2 - 2*g - 3. Let m be s(-2). Let d = 33 - m. What is the greatest common factor of i and d?
20
Let j(c) = c**3 - c + 3. Let o be j(0). Suppose -296 = -5*f + 2*q, -o*f + f + 3*q + 114 = 0. Let p = 56 - 32. Calculate the greatest common divisor of f and p.
12
Let x = 20 + 3. Calculate the highest common factor of x and 115.
23
Let b = -14 - -28. Let t be (-12)/8 + b/4. Let a be 1 + -3 + (t - -3). Calculate the highest common factor of 3 and a.
3
Let f = 187 - 132. Suppose -f = -5*h + 45. Let w = -23 + 33. Calculate the highest common factor of w and h.
10
Suppose 11*p + 2 = 12*p. What is the highest common divisor of 16 and p?
2
Let h be (-4)/(-10) + (-432)/(-20). Suppose 5*k - 2*k = 4*q + h, 5*q = 4*k - 29. What is the highest common divisor of k and 66?
6
Let w = 22 - -3. Calculate the greatest common divisor of 10 and w.
5
Let s = 8 - 5. Let a be (s + 9/(-4))*-8. Let o be -4 - a - (1 - 8). Calculate the highest common divisor of 27 and o.
9
Suppose -170 = -13*q + 11*q. What is the highest common divisor of 17 and q?
17
Suppose -i + 4*o = -37, 5*i - 5*o = -o + 217. Calculate the highest common factor of 30 and i.
15
Let b(v) = -5 + 6*v**2 - 3*v**3 + 2*v**3 - v**2. Let o be b(4). What is the greatest common factor of 11 and o?
11
Suppose 4*h - 4*v = 324, -3*h = 5*v - 122 - 113. Calculate the highest common factor of h and 10.
10
Suppose x + 1 = 0, 5*q = -2*x + 7*x + 1445. Calculate the highest common factor of q and 36.
36
Let m(n) = 13*n + 25. Let p(l) = 4*l + 8. Let u(v) = -2*m(v) + 7*p(v). Let z be u(-4). Let d be (9 - 5)*(0 - z). What is the greatest common divisor of 4 and d?
4
Let t be (-3)/18 + (-65)/(-30). Suppose t*y = -4*y + 102. What is the greatest common divisor of 153 and y?
17
Let o = -31 + 61. Calculate the greatest common divisor of 12 and o.
6
Let m be -4 + (-2 + 3)*-1. Let o(x) = x**3 + 5*x**2 - 5*x + 3. Let f be o(m). What is the greatest common factor of f and 14?
14
Let q be (16/(-5))/((-26)/65). Suppose 5*o = 2*o. Suppose o = -2*k + 26 + 22. Calculate the highest common factor of k and q.
8
Suppose 0*g - 63 = -3*j - 3*g, 3*j = 4*g + 49. Let a(r) = 2*r**2 - 8*r - 5. Let s be a(-6). Let u = -58 + s. What is the greatest common divisor of u and j?
19
Let r(w) = w**3 - 4*w**2. Let m be r(4). Suppose -3*j + 63 + 168 = m. Calculate the greatest common factor of 11 and j.
11
Suppose -5*g + 592 = 3*g. Calculate the highest common divisor of g and 111.
37
Let s be (4 - 0) + -2 + 164. Let w be s/10 + (-10)/(-25). Calculate the highest common factor of w and 136.
17
Let a(p) = 45*p**2 - 5*p + 4. Let r be a(1). Calculate the highest common divisor of 33 and r.
11
Let o = 26 + -12. What is the highest common factor of 56 and o?
14
Let v be (-618 - 2)*9/(-18). What is the greatest common factor of v and 10?
10
Let p be 22 + -1*3/3. What is the greatest common divisor of 42 and p?
21
Suppose h = -5*l + 8, -2*l - 10 = -3*h - h. Let t be ((-12)/(-2) - h) + 6. Calculate the greatest common factor of t and 63.
9
Suppose 0 = -5*u + 6*g - 5*g + 185, -3*u + 89 = -5*g. What is the greatest common factor of 171 and u?
19
Let g(u) = -5*u - 20. Let j be g(-9). Calculate the highest common divisor of j and 225.
25
Let j be (18 - (-5 - -8)) + -1. Calculate the greatest common factor of j and 28.
14
Let f(h) = h + 1. Let j(a) = -2*a - 12. Let l(c) = 6*f(c) + j(c). Let b be l(5). Calculate the greatest common factor of 98 and b.
14
Suppose 0 = 3*g + 12, 2*a = -a + 2*g + 68. Let n = -1 + 6. What is the highest common divisor of n and a?
5
Let n be (42/(-35))/(2/(-35)). Calculate the greatest common factor of n and 7.
7
Suppose 4*o = -0*u - 2*u + 10, -o + 4*u = 11. Let s(i) = 3*i**2. Let q be s(o). What is the highest common divisor of 33 and q?
3
Let n(k) = -k**2 + 15*k - 15. Let x be (24/(-14))/(4/(-28)). Let r be n(x). Calculate the greatest common divisor of 168 and r.
21
Let a be 116/10 + (-8)/(-20). What is the greatest common divisor of a and 6?
6
Let m be 3/(-6)*(-44 - -4). Calculate the greatest common divisor of m and 50.
10
Suppose -2*n = -2, -5*u - n = -0*n + 54. Let v(m) = -3*m - 8. Let g be v(u). Calculate the highest common divisor of g and 275.
25
Let c be (-5)/1*(-10)/1. What is the greatest common factor of c and 20?
10
Let i = -7 + 10. Suppose -6*m + 8 = -10*m. Let c be 55/15 + m/3. What is the greatest common factor of i and c?
3
Let x(s) = 6*s + 4. Let i be x(6). What is the highest common divisor of i and 20?
20
Let s = 27 - 11. Suppose -13 = -5*k 